 6
23221121
Convert 1111101011010001 (base 2) to base 14.
19585
What is 211212302102 (base 4) in base 3?
200112211220022
What is 2102241441 (base 5) in base 16?
422de1
What is 1315013 (base 7) in base 14?
46a7a
Convert -b40c7 (base 13) to base 3.
-121102020111
Convert -4303060 (base 9) to base 10.
-2305152
10101100010111000110111 (base 2) to base 9
11557444
Convert 111101101000001011101 (base 2) to base 10.
2019421
Convert 3aa450 (base 11) to base 15.
ca992
Convert -bca83 (base 13) to base 10.
-342332
Convert 90a0 (base 15) to base 13.
10b81
What is 2130111423 (base 5) in base 12?
1628686
212220202 (base 4) to base 14
41950
What is 212143525 (base 6) in base 7?
43562054
What is 266126 (base 8) in base 4?
112301112
What is 53813 (base 11) in base 6?
1401540
What is -42b34 (base 15) in base 4?
-303230332
Convert -1a193 (base 16) to base 8.
-320623
What is -1070631 (base 8) in base 16?
-47199
What is 54105255 (base 6) in base 5?
402022032
-36666164 (base 7) to base 15
-450e9e
What is -1100111101110110 (base 2) in base 15?
-10b0a
Convert 1020223010 (base 4) to base 13.
a5647
Convert 95191b (base 12) to base 10.
2346215
What is 82f37 (base 16) in base 9?
1006682
What is 342747 (base 8) in base 15?
24669
38639 (base 16) to base 2
111000011000111001
10b3b86 (base 13) to base 16
4e9364
509346 (base 13) to base 16
1ca343
328c0 (base 14) to base 16
1de68
-310311321 (base 4) to base 14
-58c41
-5254320 (base 6) to base 10
-256296
What is -14031350 (base 6) in base 3?
-212220211010
-3566 (base 11) to base 9
-6358
Convert -2453164 (base 10) to base 3.
-11121122002221
What is 20769 (base 10) in base 15?
6249
-2677121 (base 9) to base 11
-913184
Convert -55022154 (base 6) to base 14.
-308330
-4532837 (base 9) to base 10
-2442832
What is 20020233 (base 4) in base 11?
23048
Convert -1100110001111110110 (base 2) to base 11.
-266723
What is 1011011001010111 (base 2) in base 6?
1000035
2001221100110 (base 3) to base 13
2c720a
-24340122 (base 6) to base 5
-144300213
-2610203 (base 9) to base 7
-15050214
Convert 205425445 (base 6) to base 10.
3627461
-31b871 (base 12) to base 5
-200144402
Convert 1110010101011101110 (base 2) to base 7.
3664340
What is -5320661 (base 7) in base 2?
-10011101001011011101
-33a924 (base 15) to base 2
-1001011010000000010001
-116bc (base 14) to base 13
-16465
What is -130314034 (base 5) in base 8?
-2331177
Convert 17691 (base 14) to base 4.
32120233
Convert -2024322120 (base 5) to base 14.
-799382
200020101200211 (base 3) to base 2
100100111110001010111010
What is 100000110110010110010001 (base 2) in base 5?
4201024332
d1b2a (base 16) to base 13
240c4c
Convert -10044230 (base 8) to base 7.
-23661220
-2513b1 (base 12) to base 3
-1010200000221
What is -21413324 (base 5) in base 4?
-231101320
33624642 (base 9) to base 3
1010200211201102
Convert -19027 (base 14) to base 3.
-10012121210
Convert 85576 (base 15) to base 13.
11a780
Convert -6253 (base 7) to base 9.
-3007
Convert -8577038 (base 11) to base 3.
-1001101122000122
1011110011100101100 (base 2) to base 3
201122200011
343821 (base 9) to base 2
110010010110100101
Convert c13662 (base 13) to base 14.
84cd22
-10101011100101000111 (base 2) to base 6
-23021355
What is 1b1a714 (base 12) in base 11?
3286232
3157420 (base 10) to base 12
1083264
550211 (base 7) to base 10
96146
-1402321440 (base 5) to base 11
-200aa94
-bc36b6 (base 14) to base 5
-3113332444
Convert 1044476 (base 13) to base 2.
10010111000101001010110
Convert -3496b (base 13) to base 10.
-96081
120a361 (base 11) to base 10
2107403
-86865 (base 10) to base 12
-42329
Convert -36551 (base 9) to base 3.
-1020121201
What is -465434 (base 8) in base 6?
-3221432
What is 110002022010202 (base 3) in base 5?
3121010331
-2032121130 (base 4) to base 9
-1078066
Convert -59d3dc (base 16) to base 8.
-26351734
Convert 95d9b (base 14) to base 10.
362149
What is -1425321 (base 12) in base 9?
-7524627
106bb2 (base 16) to base 4
10012232302
What is -113042455 (base 6) in base 15?
-2b8be5
Convert 3d237a (base 15) to base 7.
34010323
-193910 (base 14) to base 6
-31052534
110000110110110011 (base 2) to base 9
334450
-1002202100201 (base 3) to base 7
-4656301
What is -620102 (base 12) in base 11?
-958a80
Convert -10012111011222 (base 3) to base 5.
-413433344
Convert 121210011122 (base 3) to base 16.
50a7a
What is -1120210120 (base 4) in base 7?
-3040441
What is -52021 (base 8) in base 3?
-1002112002
47bc (base 15) to base 16
3b94
Convert -1100505 (base 7) to base 16.
-20e32
Convert 44d112 (base 14) to base 2.
1000111011011111101100
Convert -129680 (base 10) to base 4.
-133222100
-1740626 (base 8) to base 4
-1330012112
20684 (base 10) to base 7
114206
Convert -5a26b7 (base 14) to base 8.
-13577651
What is 948151 (base 10) in base 16?
e77b7
What is 2020444020 (base 5) in base 13?
aca231
Convert 206570 (base 10) to base 14.
553d0
a3540 (base 15) to base 6
15032040
Convert 1626a1 (base 11) to base 16.
3d9ec
-1022933 (base 10) to base 14
-1c8b09
What is -11a0a9 (base 15) in base 16?
-ce085
285418 (base 9) to base 10
174572
What is -756f76 (base 16) in base 11?
-4387338
1131004 (base 5) to base 4
11010102
Convert -136170 (base 10) to base 2.
-100001001111101010
Convert 62487 (base 9) to base 2.
1010000100001011
Convert 1360016 (base 7) to base 10.
182489
What is -a24ee (base 16) in base 8?
-2422356
Convert -1733291 (base 11) to base 7.
-34023231
Convert 2057950 (base 10) to base 2.
111110110011011011110
Convert -154044050 (base 7) to base 10.
-10364123
What is 1da90 (base 14) in base 5?
4414144
a2c (base 15) to base 16
8f4
Convert -24510 (base 15) to base 4.
-130102302
Convert 167712 (base 8) to base 4.
32333022
Convert -13454225 (base 6) to base 14.
-bd0db
3d0ed (base 15) to base 5
22232343
Convert -8ab8b5 (base 14) to base 4.
-102000001013
-111000 (base 2) to base 14
-40
What is -191007 (base 11) in base 4?
-1013310032
Convert 172bc2 (base 14) to base 3.
1112101100112
-1361057 (base 8) to base 2
-1011110001000101111
114a39 (base 11) to base 2
101100011111111100
105b0 (base 12) to base 4
11101110
What is 73926d (base 14) in base 12?
1383b55
What is -2d5aaa (base 15) in base 3?
-11010120120021
Convert 3405129 (base 12) to base 16.
980271
What is -31578 (base 13) in base 10?
-88824
What is -111011010221 (base 3) in base 4?
-333031111
What is -263199 (base 11) in base 4?
-1211013122
Convert -13369c8 (base 14) to base 10.
-9276660
Convert 110101010011000101 (base 2) to base 4.
311103011
Convert 132442310 (base 5) to base 2.
10100011111101011100
-10330023 (base 5) to base 16
-15d2c
Convert -1244223200 (base 5) to base 15.
-4189a0
-4bec03 (base 15) to base 6
-210035520
Convert -65048 (base 9) to base 3.
-2012001122
Convert -1a629 (base 12) to base 10.
-38913
Convert -11001000001000000110 (base 2) to base 6.
-25322554
What is -731d43 (base 14) in base 2?
-1110110100100100110111
2949c (base 15) to base 14
364c8
a88a34 (base 16) to base 6
1032424124
Convert -74726 (base 9) to base 8.
-140432
What is 10000413 (base 5) in base 10?
78233
What is 1045026 (base 8) in base 16?
44a16
What is -19cc16 (base 13) in base 11?
-409479
What is -3027010 (base 10) in base 7?
-34505050
What is -11120101101002 (base 3) in base 15?
-32e89b
1142024103 (base 5) to base 14
5000b4
What is 518560 (base 12) in base 10?
1279512
What is -4833d (base 16) in base 6?
-10201101
What is 3125066 (base 7) in base 2?
1011011110111111111
85148 (base 9) to base 3
2212011122
3ba05 (base 14) to base 2
100011111111000101
What is -32332331203 (base 4) in base 9?
-7346061
Convert -63106 (base 13) to base 14.
-48cba
101100000011100000001 (base 2) to base 5
332143320
Convert 6568a (base 12) to base 4.
200232022
119128 (base 12) to base 7
2265524
Convert -1445464 (base 9) to base 2.
-11000010110011010100
Convert -221110021000 (base 3) to base 11.
-312466
5445500 (base 6) to base 2
1000010000111101100
29b825 (base 15) to base 8
7534227
Convert -102101432 (base 6) to base 12.
-71a878
What is cb193 (base 13) in base 12?
1585b0
What is -2718505 (base 10) in base 13?
-7424aa
304302 (base 5) to base 7
41005
-e9c51 (base 15) to base 3
-1101200200211
What is 809dd (base 14) in base 16?
4b827
-49c26 (base 13) to base 5
-13323302
2736502 (base 8) to base 9
1402308
What is -101110100110001010110101 (base 2) in base 5?